 Let w = h + -7. Let g = 18 - w. What is the remainder when g is divided by 4?
2
Suppose 16 = 10*z - 6*z. Suppose z*h - 334 = -58. Calculate the remainder when h is divided by 9.
6
Suppose 5*d - m = 28, 0 = -3*d + 2*m - 0*m + 14. What is the remainder when 2/d*-1 - (-140)/6 is divided by (1*-3)/((-6)/16)?
7
Suppose -f = -0*f + g - 4, -2*g - 4 = -f. Let k(h) = h**2 + h - 5. Calculate the remainder when 72 is divided by k(f).
12
Let n(b) = 7*b**2 + 4*b - 14. Let s(f) = -6*f**2 - 3*f + 13. Let k(i) = -5*n(i) - 6*s(i). Calculate the remainder when k(-5) is divided by 15.
12
Let z(i) = 4*i**2 - i - 2. Suppose 4*c - k - 244 = 0, 114*c = 110*c - 5*k + 292. Calculate the remainder when c is divided by z(-2).
15
Let k be 0 - (-4 - -3) - -30. Suppose 0 = 3*x - o - k, 4*x = -0*o + 4*o + 28. Calculate the remainder when 4*22/(-12)*-3 is divided by x.
10
Let y = 48 + -32. Suppose w + 7 - y = 0. Let z = 13 - -21. What is the remainder when z is divided by w?
7
Calculate the remainder when (-55)/(-44) - (-807)/4 is divided by 68.
67
Let q = 396 + -382. Calculate the remainder when 67 is divided by q.
11
Let t(o) = o**3 - 6*o**2 - 10*o - 6. Calculate the remainder when t(8) is divided by 1 - (-366)/18 - (-6)/9.
20
Suppose 2*o + 1 = -3. Calculate the remainder when 121 is divided by o*(-20 - -3) + -3.
28
Let n(y) = -y + 3. Let b = 27 - 13. Suppose -44 = 5*j - b. What is the remainder when 17 is divided by n(j)?
8
Let x = 1371 + -1122. Calculate the remainder when x is divided by 7.
4
Suppose 85 = 4*j - 187. Calculate the remainder when 197 is divided by j.
61
Let j(d) = -4 + d + 9*d**3 - 4*d - 4*d**3 - 4*d**3 - 4*d**2. Calculate the remainder when j(5) is divided by 5.
1
What is the remainder when 123 is divided by (-366)/12*(2 - 4)?
1
Calculate the remainder when (1456/6)/7 + (-8)/12 is divided by 10.
4
Let c(q) = q**2 - 2. Let n(i) = -2*i**2 + 13*i - 2. Calculate the remainder when c(6) is divided by n(4).
16
Calculate the remainder when 173 is divided by 542/6 - (0 + (-28)/(-21)).
84
Suppose 1738 = -97*z + 108*z. What is the remainder when z is divided by 61?
36
Calculate the remainder when 351/(-6)*20/(-30) is divided by (-3)/1*(-7 - 0).
18
Let f = 30 + -47. Let s = f - -29. Let i = s - 6. Calculate the remainder when 21 is divided by i.
3
Suppose 4*z + 2347 = -2*c + 5*c, -z = 2*c - 1550. What is the remainder when c is divided by 26?
23
Suppose -d + 0*d + 5*r - 1 = 0, 2*r = 2*d - 6. Suppose -6*v - 4 = -28. Suppose 26 = 5*s + 4*t - 25, v*t = -s + 7. What is the remainder when s is divided by d?
3
Let u(i) = 56*i**3 + 2*i - 1. Let r(z) = -z**2 + 41*z - 298. Calculate the remainder when u(1) is divided by r(10).
9
Let n(a) = a**3 + 7*a**2 - 5*a + 3. Suppose 0 = 13*o + 14926 - 15238. Calculate the remainder when n(-6) is divided by o.
21
Let l = 50 - 26. Let c = l + -12. What is the remainder when 69 is divided by c?
9
Suppose -15*g = 11*g - 37*g + 154. Suppose 0 = -2*q - 0*q + 96. Calculate the remainder when q is divided by g.
6
Let o = -107 + 173. Calculate the remainder when o is divided by 33.
0
Suppose 0 = 3*g + 5*p - 73, 4*g - 28*p = -27*p + 128. What is the remainder when 865 is divided by g?
28
Suppose -22*p + 15*p = 651. Let c = 178 + p. What is the remainder when c is divided by 22?
19
Suppose 9*x = 21*x - 1800. Calculate the remainder when x is divided by 22.
18
Let w(a) = 6*a**2 + 8*a + 8. Calculate the remainder when 21 is divided by w(-2).
5
Let x(o) = o - 3. Let z be x(3). Suppose -5*l + 3*s + 205 = 6*s, -5*l + s + 185 = z. Calculate the remainder when l is divided by 14.
10
Suppose 29*z - 360 = 11*z. Calculate the remainder when 297 is divided by z.
17
Let g(v) = -v**3 + v**2 + v + 38. Calculate the remainder when 150 is divided by g(0).
36
Suppose w - g = 45, -3*w + 2*g + 139 = -2*g. Calculate the remainder when 204 is divided by w.
40
Let s = 2 - 0. Let a = 434 + -432. Calculate the remainder when s is divided by a.
0
Suppose -r = 10*r - 77. Suppose 0*j = -2*j + 6. Calculate the remainder when r is divided by j.
1
Suppose -d + 1 = p, 2*d - 4*p + 2 = 5*d. What is the remainder when (d + 2 + -24)*-1 is divided by 12?
8
Let u = 3 + 4. Let y(n) = 3*n + 11. Calculate the remainder when 254 is divided by y(u).
30
Let q(l) = -l**3 - 6*l**2 + 3*l + 8. Let j = 1 + -8. Calculate the remainder when q(j) is divided by (-6)/21 + 15/70*62.
10
Let z(w) = -w**3 + 4*w**2 + 2*w - 6. Let d = 4 + 0. Let i be z(d). Suppose 5*c - 9 = i*j + 14, 4*c = -3*j + 23. What is the remainder when 1 is divided by j?
0
Suppose -5*d + 276 = -49. Let z be (-268)/(-52) - 10/d. Suppose 0*t = t + 3*b - 17, 5*t - z*b - 65 = 0. Calculate the remainder when t is divided by 5.
4
Suppose 0 = -5*y - 2*w + 378, -7*y + 530 = 3*w - 0*w. Calculate the remainder when y is divided by 41.
33
Calculate the remainder when 552 is divided by (10/(-6))/(6/(-54)).
12
Calculate the remainder when (-3)/((-718)/(-103) - 7) is divided by 34.
1
Calculate the remainder when 185 is divided by (-3 + 20/8)*(-70 + 8).
30
Suppose -5*v + 8 = -37. What is the remainder when (-3 - -2)/((-169)/8112) is divided by v?
3
Suppose 396 = -414*k + 426*k. What is the remainder when 170 is divided by k?
5
Calculate the remainder when 2477/13 + 102/221 is divided by 15.
11
Suppose -8 = -3*t + 5*t, 0 = -5*z - 2*t + 82. What is the remainder when 57 is divided by (-4)/6*-1*z?
9
Suppose -7*y + 1739 - 17 = 0. Suppose 0 = -4*t + y + 34. Calculate the remainder when t is divided by 12.
10
Let b be 13316/12 + 4/12. Suppose 15*h - b = 10*h. Calculate the remainder when h is divided by 28.
26
Let o = 7 + -11. Let q(h) = -h**3 - 3*h**2 + 2*h - 3. What is the remainder when 13 is divided by q(o)?
3
Let r(p) = -p**3 + 8*p**2 + 5*p + 10. Let z be r(9). Let i = z - -38. What is the remainder when 69 is divided by i?
9
Let l(o) = 25*o + 12. Let a(v) = v - 1. Let g(y) = -a(y) - l(y). What is the remainder when 118 is divided by g(-1)?
13
Suppose 4*d + 0*d = 52. Let t = 192 + -155. What is the remainder when t is divided by d?
11
Suppose -7*v - 60 = -732. Calculate the remainder when 281 is divided by v.
89
Let p = 2277 - 2174. Calculate the remainder when p is divided by 46.
11
Let j = -353 + 369. Calculate the remainder when 2*(29 + 2) - 0 is divided by j.
14
Let y(r) = -r**3 + 13*r**2 - 29*r + 28. Calculate the remainder when y(10) is divided by 11.
5
Let q = 14 + -11. Let p = -1 + 5. What is the remainder when p is divided by q?
1
Let c(z) = -14*z + 11 + 16*z - 31. Calculate the remainder when -1 - 1 - (-120)/3 is divided by c(15).
8
Suppose -1305 = 253*x - 282*x. Calculate the remainder when 186 is divided by x.
6
Suppose -2*t = t - 9. Suppose -2*w = -4*c + 3*c + 9, 0 = t*c + w + 1. What is the remainder when c is divided by 1?
0
Suppose 204 = -23*g + 1538. What is the remainder when 285 is divided by g?
53
Let r(g) = -4*g**2 + g + 34. Let h be r(-5). Let p = h + 254. What is the remainder when p is divided by 47?
42
Suppose 7*r - 8*r = 0. Suppose -2*f + r*d = -3*d - 274, 2*f - 284 = -2*d. What is the remainder when f is divided by 36?
32
Let x(a) = -2*a**3 - 8*a**2 + 5*a - 8. Calculate the remainder when x(-6) is divided by 31.
13
Let x = -597 + 619. What is the remainder when 83 is divided by x?
17
Suppose 5*c = -3*n + 306, 0*c + 2*n - 244 = -4*c. Calculate the remainder when 244 is divided by (0 - 1)/(17/(-34)) + c.
58
Calculate the remainder when 269 is divided by -1*(46 + -7)*(-2 - -1).
35
Calculate the remainder when 102 is divided by (-40)/6*(-1953)/372.
32
Let f = -1 + 10. What is the remainder when 31 + (1 - (-2 - -4))*-4 is divided by f?
8
Let f be (88/(-10))/((-4)/10). Suppose 3*b + f = 2*d, 17 = 2*d - b - 13. Suppose -4*a + d = -11. Calculate the remainder when 27 is divided by a.
6
Suppose -13 = -15*i + 2. Let m(f) = 15*f**2 + 2*f - 3. Calculate the remainder when 69 is divided by m(i).
13
Let c = 25 - 3. Suppose -4*s + 6*s = 12. What is the remainder when c is divided by s?
4
Suppose 4*f + 3*s + 10 = 47, -3*s = 5*f - 47. Calculate the remainder when 87 is divided by f.
7
Suppose 5 = 3*k - 79. Calculate the remainder when k is divided by 18.
10
Let t = 1004 + -789. Calculate the remainder when t is divided by 60.
35
Suppose 0 = -y - 0*v - 3*v + 46, 5*y + 4*v = 274. Suppose 30 = i + 5*p, 16 - 19 = -p. What is the rem